r(w)?
-1
Suppose -2*i = -5*i + 9. Let g be 2/3 + 12/9. Let t(x) = 0 + 1 + i*x**g - 5*x**2 + 3*x**2. Calculate t(3).
10
Let h(p) = p - 1. Let g be h(5). Let a(i) = -i**2 + 2*i + 4. What is a(g)?
-4
Suppose 6*q = 3*q + 3. Let a(y) = y**2 - y - 1. Let v(z) = -z**2 + 7*z + 4. Let d(s) = -5*a(s) - v(s). Calculate d(q).
-5
Suppose r - 2 = 3*r. Let x(f) be the third derivative of -1/24*f**4 + 0*f - 3*f**2 - 1/6*f**3 + 0. What is x(r)?
0
Let f(i) = -i - 6. Let r(p) = -p**2 - 2*p + 2. Let x be r(-4). Let b be f(x). Let t(h) = h - 8. Calculate t(b).
-8
Suppose 3*q + 14 = 5*q. Suppose -5*h = q + 3. Let w(z) = z**3 + 0*z**3 - 97 - z + 98 + z**2. Determine w(h).
-1
Let t(v) be the first derivative of v**3/3 - 5*v**2/2 - 4*v - 1. Determine t(5).
-4
Let y(s) = 3*s**2 + 12*s. Let d(v) = -v**2 - 4*v. Suppose 3*z = 8*z - 10. Let u(p) = z*y(p) + 7*d(p). Give u(-4).
0
Let m(b) = 2*b + 11. Let i be m(-5). Let t(z) = 14*z - 1. Determine t(i).
13
Let l(f) = 13*f - 1. Let t(s) be the third derivative of 0 + 0*s**3 + 2*s**2 + 0*s - 1/24*s**4. Let j(w) = -l(w) - 6*t(w). What is j(1)?
-6
Let f = -17 + 15. Let p(q) = -q**2 - 6*q - 3. Give p(f).
5
Let c(j) = -j + 12. Suppose 0*s = 6*s - 144. Let d be ((-2)/(-4))/(2/s). Determine c(d).
6
Suppose -7 = 4*d + b, -4*b - 10 + 3 = -5*d. Let z(r) be the third derivative of -r**5/60 + r**4/24 + r**3/6 - 2*r**2. Give z(d).
-1
Suppose 12 = -o + 3*n, -20 = 4*o - n - 4*n. Suppose -2*l + 0 = -2. Let f(z) = 4*z + 2 - z + o*z - l. Calculate f(-1).
-2
Suppose -3*n - 6 = -2*l, 2*l - 5*n = -0*n + 6. Let i(h) = -h**l - 3*h**2 + 2*h**2 - h**2. Let s = 7 + -8. Calculate i(s).
-1
Let r(q) = -q**2 + 5*q + 4. Let g be r(5). Suppose 16 + 4 = g*l. Let w(a) = l*a - 3*a - 3*a**3 - 4*a**2 - 6*a**3 - 1 + 2*a**2. Determine w(1).
-10
Let x(h) = 9*h**2 - 9*h - 13. Let r(l) = 5*l**2 - 5*l - 7. Let i(b) = 11*r(b) - 6*x(b). Calculate i(4).
13
Let c(f) = -7*f**2 + 5. Let o(v) = 3*v**2 - 2. Let w(q) = 2*c(q) + 5*o(q). Calculate w(4).
16
Suppose 0 = 5*y + 14 + 11, 3*k - y - 44 = 0. Let g = k - 10. Let l(r) = r. Give l(g).
3
Let x(r) be the first derivative of 1/2*r**2 + 1 + 2*r. Determine x(2).
4
Let j(h) = -3*h**3 - 2*h**2 + 2. Let v be (-3 - -4)/((-4)/8). Determine j(v).
18
Let x be (35/21)/(4/6). Let r(f) be the second derivative of -x*f**2 + 1/12*f**4 + 0 - 1/6*f**3 - f. Give r(0).
-5
Let v be ((-30)/8)/(27/(-72)). Let w(u) = u**2 - 9*u - 1. Let m be w(v). Let l = 11 - m. Let o(n) = n**2 - 2*n. Calculate o(l).
0
Let v(b) = -7 + 4*b**2 + b**3 - b**3 - 6*b + b**3. Let g(n) = n - 2. Let t be g(7). Suppose 3*j + 32 = -j - 3*s, 30 = -2*j - t*s. What is v(j)?
-2
Let k(q) = q - 1. Let x(m) = 7*m - 14. Let n(i) = -6*k(i) + x(i). Let l = 6 + 7. Suppose -l = -3*y + 2*d, -2*y + d = -0*y - 9. Determine n(y).
-3
Let v(s) be the first derivative of -2*s - 4/3*s**3 - 1/4*s**4 - s**2 + 2. Let z be v(-3). Let o(c) = c**3 + 6*c**2 + 4*c + 4. Determine o(z).
9
Let r(j) = j**2 - 24*j - 30. Let x be r(25). Let o(c) = 4*c + 6*c**2 + 3 + c**3 + 2 - 8. What is o(x)?
2
Let m(f) = 5*f**2 - 1. Let o(i) = -3*i + 6*i - 2*i. Let w be o(4). Suppose 2*k = 6*k + w. What is m(k)?
4
Let w(m) = m + 2. Let c(j) = -5*j - 9. Let n(b) = -2*c(b) - 9*w(b). What is n(3)?
3
Let y(t) = -t**2 + 6*t - 5. Let f(u) = -u**3 + 5*u**2 - 3*u. Let n be f(4). Determine y(n).
3
Let t = 10 - 5. Let m(q) = t + 0 - 2 - 10 - q. Determine m(-6).
-1
Let r(b) = -b + 3. Let s = -16 - -20. Give r(s).
-1
Let t(h) = h**2 + 5*h + 3. Let n be t(-5). Suppose -3*r = -n, 2*l - 4 + 0 = 2*r. Let k(z) = -5 - 1 + 2*z**3 - l*z**3 - 2*z - 5*z**2. Calculate k(-5).
4
Let p be 0 + (-1)/1 + 3. Suppose -f + p = -3. Let j(m) = m - 2. Determine j(f).
3
Let n be (1/(-2))/((-4)/40). Let b be 2/n + (-72)/30. Let g(r) = -r**2 - 2*r - 1. Give g(b).
-1
Let y(m) = m**2 - 2*m + 2. Let r be 3 + -3 - 6/(-2). Let q be y(r). Let v(o) = -3*o - o - 2 + q*o - 5. What is v(6)?
-1
Let b(l) = l**3 + 3*l**2 - 4*l - 6. Suppose -g = 2*g - 6. Let y = g - 6. Determine b(y).
-6
Let o(j) be the first derivative of 0*j + 1 + 1/2*j**2. Let s be (-5)/(-1)*((-4)/2 - -1). Determine o(s).
-5
Let x(t) = 1. Let h(a) = a - 7. Let u(n) = -n + 6. Let r(j) = -5*h(j) - 6*u(j). Let d(o) = -2*r(o) - 2*x(o). What is d(-2)?
4
Let h(k) = -k**2 - k. Let q(w) = -3*w**2 + 4*w - 4. Let l(s) = 2*h(s) - q(s). What is l(5)?
-1
Suppose 4*r + 3*q = 8*q + 37, -2*r = 2*q + 4. Let b(k) = -k**2 - 5*k + 4. Calculate b(r).
-20
Let d(h) = -h**3 - 4*h**2 - 3. Let m(o) = -o**2 - o. Let a(j) = -d(j) + 5*m(j). Determine a(3).
6
Let h = -59 + 54. Let t(r) = -r**2 - r + r - 7*r - 2. What is t(h)?
8
Let n(p) be the first derivative of p**4/2 - 2*p**3/3 - 5. Give n(2).
8
Let q(l) be the first derivative of -3*l**5/5 - l**4/6 - l**3/3 - l**2/2 + 8*l + 10. Let h(v) be the first derivative of q(v). What is h(-1)?
11
Let k(f) = -6*f. Let i(n) = 5*n + 1. Let s(z) = 5*i(z) + 4*k(z). Calculate s(-5).
0
Let k(u) = u + 5. Let s be k(-10). Let x(i) = -i + 1. What is x(s)?
6
Suppose -8*v + 11*v = 3. Suppose -o - 5*n = -1 + 10, -4*n = 3*o - 6. Let u(c) = -5*c + 3. Let m(l) = -24*l + 14. Let q(h) = o*m(h) - 28*u(h). Determine q(v).
-4
Suppose 2*i = -2*h + 12, 0 = -3*i - 4*h + 17 + 4. Let u(m) = 0*m**3 - 3 + m**3 + 1 - i*m**3 - 2*m**2. What is u(-2)?
6
Let n(d) = -9*d - 1. Let f(l) = -l. Let s(g) = 2*f(g) - n(g). Give s(-1).
-6
Let j(x) be the third derivative of -1/2*x**3 - 1/120*x**6 - 3/20*x**5 - 3/8*x**4 + 0*x + 0 - 2*x**2. Let v be j(-8). Let k(i) = i - 7. Calculate k(v).
-2
Let t(l) = l**3 - 2*l**2 - 2*l + 3. Let f be 200/12 - (-2)/(-3). Suppose 0 = -2*u + f + 8. Suppose 4*m + 3*d = 20, 2*d - u = 3*m - 5*m. Calculate t(m).
-1
Suppose 4*t = t - 9. Let w(c) be the second derivative of -c**7/840 - c**6/90 + c**4/6 + c**3/6 + c. Let b(q) be the second derivative of w(q). What is b(t)?
-5
Let d(o) = -2*o + 2. Suppose -2*i + t = -7*i + 33, -3*i = -4*t - 6. What is d(i)?
-10
Suppose 0*i - 12 = -2*i. Suppose -i*f = -3*f. Let a(n) = n**3 - n**2 + n + 7. Determine a(f).
7
Let l(n) = 2*n**2 + 1 - 4 - n**2 + 4*n - 6*n. Calculate l(5).
12
Let x(m) = -m**2 - 5*m + 2. Let b be ((-4)/20)/((-1)/5). Suppose 4*a = -17 + b. Give x(a).
6
Let d(t) = -t**2 - 12*t + 10. Let o(w) = -7*w - 55. Let b be o(-6). Calculate d(b).
-3
Let m(u) = u**3 + u**2 + u. Let j be (-1)/(2/(-1) + 3). Determine m(j).
-1
Let w(l) be the first derivative of l**2 - 20 + 17 + 0*l + 7*l. What is w(-5)?
-3
Let u(r) be the third derivative of -r**6/120 + 7*r**5/60 - 7*r**4/24 + r**3 + 5*r**2. Determine u(6).
0
Let w(g) = -g + 6. Let l be w(6). Suppose 17 = -f + 4*b, 2*f + 0*f - 4*b + 18 = l. Let u(h) = 6*h. Give u(f).
-6
Let o = -5 + 2. Let u(d) be the third derivative of d**5/60 + 7*d**4/24 - d**2. What is u(o)?
-12
Let p(t) = 2*t - 2. Let h be (64/(-24))/((-2)/(-3)). What is p(h)?
-10
Let h(m) be the third derivative of -m**4/8 - 3*m**3/2 - 12*m**2. Determine h(-7).
12
Suppose -3*s + 5*k = -8, k - 2*k = -3*s + 16. Let h = -4 + s. Let q(o) = 4 - 3 - 1 + o. What is q(h)?
2
Let j(h) = 2*h + 19. Let b = -46 - -33. What is j(b)?
-7
Let f(r) = -5*r + 18. Let j be 9/(-15) + (-42)/5. Let z be -5*3*(-3)/j. Let h(a) = 3*a - 12. Let k(w) = z*f(w) - 8*h(w). Determine k(-5).
1
Let w(p) be the third derivative of p**8/10080 - p**7/5040 + p**5/12 + p**2. Let g(s) be the third derivative of w(s). Suppose 2 = 4*t - 6. Give g(t).
6
Let t(w) = w**2 + w - 2. Let b be t(-3). Let x = 6 - b. Let u(k) = 0*k + k**3 - k**x + 0*k - 6. What is u(0)?
-6
Let x(d) = -d**3 - 7*d**2 - 6*d - 4. Let k = -23 + 34. Let z = 5 - k. Calculate x(z).
-4
Suppose 0*f + 6 = f. Suppose f = -m - 2*m + x, -m - 2 = 2*x. Let l(v) = -3*v**2 + 4 - v**3 + 0*v + 3*v - 1. Give l(m).
-7
Let p(a) be the first derivative of 3 - 1/2*a**2 + 3*a. Give p(5).
-2
Let u(t) = -3*t + 1. Let j be (-1 + 2 + 0)*1. Suppose -s + 0 = -j. What is u(s)?
-2
Let i(p) = p + 9. Let h be i(-3). Suppose 40 = 3*g + g. Suppose -g = x - h*x. Let f(d) = -2*d**2 + d. What is f(x)?
-6
Let z be 2/(-4)*(-1 + 1). Let v(p) = 2*p**2 - 2*p - p**2 - p + z*p**2. Suppose 2*d + 20 = 6*d. What is v(d)?
10
Let q(d) = 3*d**2 + 3*d**2 + 10 + d**3 - d - 3 - 7*d**2. Calculate q(0).
7
Let t(q) = q**2 + 2*q - 4. Let j be t(-3). Let x(g) = -g - 1. Let d(l) = 5*l + 4. Let c(y) = 5*d(y) + 20*x(y). Determine c(j).
-5
Let y(g) = g**3 + 4*g**2 - 2*g - 5. Suppose 0 = 